 - v, -77 = -5*f - 5*v + 9*v. Suppose -4*y = -c + 17, 5 = c - 3*y - f. Calculate the remainder when h is divided by c.
12
Suppose 3*a = -4*m - 0*a - 412, 5*a = 0. Let w = m + 201. Suppose -2*s = -3*s + 2*j + 33, -2*s = 4*j - w. Calculate the remainder when s is divided by 14.
13
Let j(a) = 22*a + 8. Let q be j(11). Let k = q - 237. Calculate the remainder when 89 is divided by k.
11
Let p be (-2 - -3)*(10 + 10). Suppose 19*c + p = 21*c. What is the remainder when 33 is divided by c?
3
Calculate the remainder when ((-9)/(-5))/(10 - (-43417)/(-4345)) is divided by 122.
115
Calculate the remainder when (-36)/15*-1*(-1570)/(-4) is divided by 23.
22
Let v(r) = 850*r + 10421. What is the remainder when v(-12) is divided by 6?
5
Suppose o - 5*w - 75 = -0*o, 0 = -4*o + w + 319. Let m = 91 - o. What is the remainder when 38 is divided by m?
5
Suppose -6643 = -7*s - 2*o, o = 5*o. Let h = -914 + s. What is the remainder when 82 is divided by h?
12
Let y(j) = j**2 + 10*j + 40. Let x be (0 - -34)*(-5 + 4). Calculate the remainder when y(-12) is divided by (10 - 8)*x/(-4).
13
Let m(p) = -25*p**2 + 18*p**3 - 3*p**3 - 14*p**3 - 25*p - 25 + 4. Calculate the remainder when m(26) is divided by 5.
0
Suppose -2*d = 3*q - 61, 8*d = 4*q + 3*d - 43. Let k(f) = -f**3 + 44. What is the remainder when k(0) is divided by q?
10
Suppose -2*d + 2*z = -76, 5*d - 164*z - 197 = -166*z. Suppose -6 = 4*v - 30. What is the remainder when d is divided by v?
3
What is the remainder when (6 - (1590/(-12) + -4))*2 is divided by 60?
45
Let p(m) = 3*m - 7. Let d(k) be the first derivative of 9*k**2/2 - 21*k - 36. Let v(a) = 3*d(a) - 8*p(a). Calculate the remainder when 84 is divided by v(10).
15
Let a(b) = b**2 + 24*b + 45. Calculate the remainder when a(-25) is divided by (0 - -1) + (13 - 2).
10
Suppose 0 = 5*n - 30, f = 8*n - 7*n + 112. Calculate the remainder when 121 is divided by f.
3
Let h(t) = 52*t**2 - 206*t - 4. Let v be h(4). Suppose -4*y + 1 = -7. What is the remainder when 63 is divided by (v + (-168)/20)/(y/(-5))?
8
Let m = 34693 + -34685. Calculate the remainder when (4 - 5)/((-1)/78) is divided by m.
6
Let v(q) = -2*q**3 - 2*q**2 + 2. Let f be v(-2). Let n = 17 - f. What is the remainder when 1*-2*(-3604)/424 is divided by n?
3
Suppose 0 = 3*t + 5*q - 50, -5*q + 4*q = -7. Calculate the remainder when 16499 is divided by t.
4
Let t = -34198 + 34728. Calculate the remainder when t is divided by 19.
17
Suppose b + 3*b = 12. Suppose -b*h + 73 = -2*h. Let x(c) = -2*c**3 + 103*c**2 - 1308*c - 32. What is the remainder when h is divided by x(23)?
36
Calculate the remainder when (865/15)/(4/20)*9 is divided by 59.
58
Suppose 0*z - z + 9 = 0. Let p(v) = -v**3 - 3*v**2 - 2*v + 1. Let g be p(-4). Let k = 19 + g. What is the remainder when k is divided by z?
8
Let u be 257 + -3 - (3 + -6 + 5). Suppose -5*i + u = 122. Suppose -4*t + 0*h + 4*h + 392 = 0, 5*h = 3*t - 294. What is the remainder when t is divided by i?
20
Let k(v) = v**2 - 22*v + 21. Calculate the remainder when k(-5) is divided by 47.
15
Suppose -1489*x + 1495*x = 48. Let s(a) = -4*a**3 + a + 1. Let m be s(-1). Suppose -m*d = -5*d + 29. Calculate the remainder when d is divided by x.
5
Calculate the remainder when 3168 is divided by ((-13750)/(-242) - 6/(-33))*1/3.
14
Suppose -j - 95 = 5*u, -4*j - 28 = 2*u + 28. Let m = 10 - u. Suppose 3*x - 7 = a, m = 4*a + x + x. Calculate the remainder when a is divided by 5.
0
Let b = -3096 - -3112. Calculate the remainder when 3629 is divided by b.
13
Let y = 12799 + -12609. Suppose 0 = -b - b + 696. What is the remainder when y is divided by (-1)/(-3) + b/9?
34
Let f(u) = -u + 30. Let d be f(21). Let z be 3/d + (-2)/6 + -39. Let s = -16 - z. Calculate the remainder when 68 is divided by s.
22
Let g = -3700 + 4079. What is the remainder when g is divided by 195?
184
Suppose -53*b + 7630 = -24*b + 41*b. Calculate the remainder when 3918 is divided by b.
103
Let v(u) = u**3 + 19*u**2 + 13*u - 44. Let f be v(-18). Suppose -f*r - 197 = -47*r. What is the remainder when r is divided by 10?
7
Suppose 3*z - r = 1668, 0 = 4*z - 849*r + 848*r - 2226. Calculate the remainder when 568 is divided by z.
10
Let i(d) = -4*d - 2. Let r(l) = 1 + 13*l + 1 + 5*l**2 - 13*l. What is the remainder when r(3) is divided by i(-3)?
7
Let z = 39 - 15. Let y = -6 + z. Suppose 0*g = -3*q - 3*g + 222, 3*g - 362 = -5*q. What is the remainder when q is divided by y?
16
Let c = 13944 + -13863. Let r = -88 - -134. What is the remainder when c is divided by r?
35
Suppose -15*n - 3 = -16*n. Suppose -p + 0*r - n*r = -165, -4*p + 705 = -3*r. Calculate the remainder when p is divided by 1/(208/(-70) + 3).
34
Suppose 38*f - 8073 + 245 = 0. What is the remainder when 839 is divided by f?
15
What is the remainder when ((-94)/6)/((-20)/6 - -3) is divided by (-4)/((-8)/(-10 - -34))?
11
Let u(o) = 13*o**2 - 7*o**2 - 36 - 4*o**2. What is the remainder when u(-7) is divided by 19?
5
Let o(h) be the third derivative of 3*h**4/8 + 239*h**3/6 + 62*h**2. What is the remainder when 105 is divided by o(-20)?
46
Suppose -8*o + 52 + 36 = 0. Suppose 125 = o*p + 4. What is the remainder when 19 is divided by p?
8
Suppose -3*n - 26*n = 138 - 428. What is the remainder when 1008 is divided by n?
8
What is the remainder when (-229)/((6 - -5)/(-22)) is divided by 164?
130
Let o = 1238 + -836. Let v = 43 - 29. What is the remainder when (o/(-18))/(14/(-6) - -2) is divided by v?
11
Suppose 4*j = 2*c - 6, j - 5*c = -1 - 14. Suppose -b + j*m + 58 = -3*m, 0 = 4*b - 3*m - 205. Calculate the remainder when 387 is divided by b.
44
Let a(z) = z**3 - 11*z**2 + 15*z - 6. Let l be a(9). What is the remainder when l/99 + 752/6 is divided by 22?
15
Suppose -149 = 6*l - 9*l + g, -4*l - g + 194 = 0. Let j = -56 - -90. Calculate the remainder when l is divided by j.
15
Suppose -8*k = 4*k + 8*k - 177460. Calculate the remainder when k is divided by 28.
25
Suppose 3*x - 21 = x + i, -2*x + 15 = 5*i. Let p(o) = -2*o**3 - 20*o**2 - 165*o - 1295. Calculate the remainder when p(-9) is divided by x.
8
Suppose -q - 258 = -4*j, 18*j - 246 = 14*j - 5*q. What is the remainder when j is divided by 58?
6
Suppose 330 = 13*a - 2*a. Let c be -8 + 6/(a/25). Let w = 150 + c. What is the remainder when w is divided by 37?
36
Suppose -278 = -61*v + 1064. Calculate the remainder when 523 is divided by v.
17
What is the remainder when 492 is divided by 9/((-324)/(-132))*9?
30
Let k be -1*(-15)/(-10)*-216. What is the remainder when k/4 + (-1 - 4) is divided by 41?
35
Calculate the remainder when 961 is divided by (-18)/(2340/442)*-5.
9
Let p(l) = l**3 - 40*l**2 - 127*l + 2. What is the remainder when p(43) is divided by 182/8 + (-1)/(-4)?
19
Let d be 21/49 + 116/7. Let n(r) = -5 + d - 4 - r. What is the remainder when n(-6) is divided by 4?
2
Let n be 26/22 + 2 + (-26)/143. Suppose h - 5 = 4*z + 24, -n*z + 12 = 0. Let j = -35 + h. What is the remainder when 69 is divided by j?
9
Let r = 53 - 19. Suppose 0 = -2*g - 3*c + 130, 2*g - 5*c - 92 = 38. Calculate the remainder when g is divided by r.
31
Let p(j) be the second derivative of 7*j**5/20 - j**4/12 + j**2 + 15*j. Let i be p(-2). Let b = i + 91. What is the remainder when b is divided by 6?
3
Let v(b) = -131*b - 4847. What is the remainder when v(-39) is divided by 35?
17
Suppose 4*j - 6*j = -l + 2, -j = -5*l + 1. Suppose -24*b + 2*b + 198 = l. What is the remainder when 53 is divided by b?
8
Let z = -21167 - -21332. What is the remainder when z is divided by 19?
13
Let p(w) = w**3 - 100*w**2 + w - 78. Calculate the remainder when p(100) is divided by 19.
3
Let i = 22 - -497. Let t = 363 - 259. What is the remainder when i is divided by t?
103
Suppose -4 = -4*x, -o + 2*x = 74 - 5218. Calculate the remainder when o is divided by 99.
97
Suppose 0 = 3*o - 3*k - 96, 0*o + 28 = o + k. What is the remainder when (174 - (-8)/12*3) + 1 is divided by o?
27
Suppose 0 = q - 4*o - 26, o + 10 = -o. Let m = 110 + -116. Calculate the remainder when (4/m)/(2 - (-280)/(-138)) is divided by q.
5
Suppose -166*l = -78359 + 1169. Calculate the remainder when 472 is divided by l.
7
Suppose -13*z + 9*z + x + 241 = 0, -3*z + 181 = -x. Let n = -617 + 1096. What is the remainder when n is divided by z?
59
Let d(k) = -k**3 + 6*k**2 + 7*k + 5. Let s =